 + 2*a + 55 = k. Let m = 43 - y. What is the highest common factor of 48 and m?
16
Let g = -342 + 507. Suppose 0*r + 10 = -2*r. Let b be r/(-4)*(9 + 3). What is the highest common factor of g and b?
15
Suppose 5*p = 5*z + 15, -2 - 12 = 2*z + 2*p. Let k = z + 6. Calculate the greatest common factor of k and 2.
1
Let s(p) = -p**2 - 3*p + 16. Let g be s(7). Let a be (-1)/((-1)/g*-3). Calculate the greatest common divisor of a and 18.
18
Let p = 228 - 52. What is the highest common factor of 33 and p?
11
Let t be (-18)/(-3 - 26/(-10)). Let k be ((-11)/5 - -3)/((-2)/95). Let m = -23 - k. Calculate the highest common factor of m and t.
15
Suppose 308 + 1078 = 7*r. What is the greatest common factor of 18 and r?
18
Suppose -67 = 14*o - 319. Calculate the highest common factor of o and 162.
18
Let b = 5 - -29. Suppose -5*l = -j + 4*j - b, 2*j - l = 14. What is the greatest common divisor of j and 8?
8
Suppose -53 = -3*w + 91. Let g be 3*(364/66 - 2/11). Calculate the highest common factor of w and g.
16
Let y = 119 + -11. Calculate the greatest common factor of y and 24.
12
Let v(r) = -6*r**3 - 18*r**2 - 4*r - 13. Let t be v(-4). What is the greatest common factor of t and 117?
9
Suppose 8 = -3*v + j + 14, -2*v + 4*j = -14. Suppose 0 = z + 2*z. Let h be z - (-1 + -1) - 1. What is the greatest common factor of h and v?
1
Let r = -120 - -121. Let s(i) = 101*i + 11. Let l be s(r). What is the highest common divisor of 14 and l?
14
Let p be 1/(-2) - (-76)/(-8). Let f be (-1346)/p - 32/(-80). Suppose -2*c = -40 + 10. Calculate the highest common divisor of f and c.
15
Let s be (51/(-6))/17*-26. Calculate the greatest common divisor of 104 and s.
13
Let r(j) = -j**2 + 19*j - 16. Let f(x) = x**3 + 2*x**2 + 2*x + 17. Let o be f(0). Let k be r(o). What is the greatest common factor of k and 30?
6
Let l = -35 + 37. Suppose -3 = -2*v - 3*z, 0 = 4*v + l*z + 2*z - 16. What is the greatest common divisor of v and 15?
3
Let q(x) = x + 16. Let k be q(15). Let n = -10 + k. Calculate the greatest common factor of n and 84.
21
Suppose 0 = 5*b - 2*u - 850, -4*b + 3*u - 249 = -936. Suppose -476 + b = -7*d. Let z = 7 - 3. Calculate the highest common divisor of d and z.
4
Suppose k + 5*w - 37 = 0, 13*w + 74 = 2*k + 12*w. What is the greatest common divisor of 74 and k?
37
Let v = -10 + 54. Let h = -2349 + 2657. What is the highest common divisor of h and v?
44
Let b be (-50)/(-5)*(-6)/(-10). Let n(w) = 6*w - 4*w - w. Let h be n(b). Calculate the greatest common factor of h and 30.
6
Let i(o) = 21*o**2 - 4*o - 61. Let k be i(-3). Calculate the highest common factor of k and 380.
20
Suppose -44 = -5*q + 796. Calculate the highest common divisor of q and 21.
21
Suppose p + 3 = -x, 2*x - 3*p + 12 = -2*x. Let d(m) = 25*m + 7 + 17*m - 79*m + 10*m. Let z be d(x). What is the highest common factor of z and 11?
11
Let o = -25 + 27. Let s be 1343/34 - (-1)/o. What is the greatest common factor of s and 60?
20
Let v = 76 - 28. Calculate the greatest common divisor of v and 168.
24
Suppose 0 = -31*g + 35*g - 4, -4*p = 2*g - 1926. Calculate the greatest common divisor of p and 74.
37
Let k = 164 + -161. What is the greatest common factor of 6 and k?
3
Let z = 18 + -13. Suppose 8 = 2*t + 2*w, -2*t - 3*w + 18 = z. Let b(q) = 59*q**2 - 2*q - 1. Let v be b(t). Calculate the greatest common divisor of v and 24.
12
Suppose 34*x - 333 = 25*x. Calculate the greatest common divisor of x and 2516.
37
Suppose 4*t + 19 = -9. Let g(s) = -2*s**3 - 15*s**2 - 10*s - 10. Let y be g(t). Calculate the highest common factor of y and 187.
11
Let d(p) = 16 + 11 - p - 11. Let z be d(-8). What is the greatest common factor of z and 24?
24
Let d be (-273)/(-65) - (-1 - 12/(-10)). Let j be d/18 + (1932/54 - 0). What is the highest common divisor of 24 and j?
12
Let v(q) = 2*q**2 - 2*q. Let s be v(2). Suppose -s*m + 90 = 6. Calculate the highest common divisor of 189 and m.
21
Suppose 40 = -5*f - 30. Let i be (-2)/4*(f + -8). Let s(o) = 2*o**2 + 4*o + 7. Let z be s(-7). What is the greatest common factor of i and z?
11
Let u be 3 + (11 - -2) - -4. What is the greatest common factor of u and 15?
5
Let a(y) = 8*y**3 - 2*y**2 + 9*y - 5. Let q be a(2). What is the highest common factor of q and 966?
69
Let i be 5 - 3*(-3)/(-9). Suppose 6*v + 2*j - 272 = 2*v, -i*v + 5*j = -244. What is the greatest common divisor of v and 12?
6
Let v(j) = -j. Let r be v(-4). Suppose r*g + 2*m - 12 = 0, 0*g - 4*g + 5*m = -26. What is the highest common divisor of g and 4?
4
Let l = -1340 - -1377. What is the highest common divisor of l and 407?
37
Suppose 6*z - z - 3760 = 0. What is the greatest common divisor of z and 47?
47
Let c = 89 + -135. Let i be (-6)/9 - c/6. What is the greatest common divisor of 14 and i?
7
Let i = -1468 - -1537. Calculate the greatest common factor of i and 12.
3
Let y(r) = r**3 - 11*r**2 + 7*r - 1. Let z be y(11). Let p = z + -65. Calculate the greatest common factor of p and 88.
11
Let l(m) = 5*m + 122. Let b be l(-22). What is the highest common factor of b and 3?
3
Suppose 12*r = 38029 - 8389. Calculate the greatest common factor of 130 and r.
130
Let u(l) = -2*l - 7. Let q be u(-7). Let n = -49 + 70. What is the highest common divisor of n and q?
7
Suppose 0 = -5*u - 4 + 14. Let z(m) = 1 + 0 + 3 - 3*m - 8*m - m**u. Let d be z(-11). Calculate the highest common factor of 4 and d.
4
Suppose -3*x + 3*w + 24 = 0, -w - 9 = -4*x + 8. Suppose 2*c + 0*h - 4*h - 102 = 0, 0 = x*c - 5*h - 153. What is the highest common divisor of 17 and c?
17
Suppose 2*y = -5*y + 7. Let o be 28 + 6 - (5 - y). What is the highest common factor of o and 75?
15
Let j be 11/(-33)*(-12 - 0). Let x be j/(-6)*(-2 - (-69)/(-6)). What is the highest common factor of 9 and x?
9
Suppose -5*q + 26 = 2*h - 7, 4*q - 5*h - 33 = 0. Let w be (-21)/(-2)*(20/(-50))/((-6)/50). Calculate the greatest common factor of w and q.
7
Suppose -6*a - 178 = -988. What is the highest common factor of a and 54?
27
Suppose 0 = 3*d + 5*h - 481, -7*d = -3*d - 2*h - 650. Calculate the greatest common divisor of d and 108.
54
Let l be ((-1)/((-1)/1))/((-293)/(-1465)). Calculate the greatest common factor of l and 85.
5
Let r(m) = -121*m - 2. Let a be r(-2). What is the greatest common divisor of a and 72?
24
Let q(w) = -w**2 - 4*w + 3. Let n be q(-4). Let p(l) = l**3 - 2*l**2 + 1. Let h be p(0). What is the highest common factor of h and n?
1
Let x(z) = 22*z + 47. Let w be x(22). Suppose -4*r - 51 = -w. What is the highest common factor of r and 15?
15
Suppose 0 = z - 2*z + 84. Suppose 320 = z*f - 80*f. What is the highest common factor of f and 40?
40
Suppose -6*i + 5 = -7. Let x be (-5 + 1165/25)/(i/10). Calculate the highest common factor of 13 and x.
13
Suppose 5*s - 134 = -4. Let h = 4 + -8. Let z = s + h. What is the greatest common divisor of z and 2?
2
Let h = 17 + -20. Let g be ((-4)/(-10))/(h/(-90) - 0). What is the highest common divisor of g and 12?
12
Suppose -1577 = -11*v - 609. What is the greatest common factor of v and 110?
22
Let u(a) = -a + 6. Let n be u(-18). Suppose 5*k - 2*d + 0*d - n = 0, -k = -2*d. Let s be 56/10 + (-4)/(-10). What is the highest common divisor of k and s?
6
Let n(r) = -r**3 + 21*r**2 + 32*r + 22. Let y be n(22). Calculate the greatest common factor of 220 and y.
22
Let f = -31 + 57. Let u be ((-32)/12)/4 - (-238)/6. What is the greatest common factor of u and f?
13
Let t(p) = 21*p - 2. Let f(k) = 11*k - 1. Let d(i) = 7*f(i) - 4*t(i). Let u be d(-1). What is the highest common factor of u and 80?
8
Let t(c) = 13*c. Let v be ((-8)/(-20))/((-1)/(-20)). Suppose -3*a + f + f = -6, 5*f = 4*a - v. Let d be t(a). Calculate the highest common factor of 65 and d.
13
Let l = -117 - -374. Suppose -l = -s + 4*u + 39, u = -5*s + 1375. Suppose -5*q + s = -q. Calculate the highest common divisor of q and 46.
23
Let b be (-7)/1*(1191/(-21) - -1). What is the highest common divisor of b and 80?
10
Let j be (5 + -3)*(-85)/(-2). Suppose 2*k - 3 = j. Let n(o) = -2*o - 2. Let i be n(-3). What is the greatest common factor of i and k?
4
Suppose 10 = 3*t + 5*l, -5*l = -3*t - 8 - 2. Let r be (-4)/(-12)*t + 3. What is the highest common factor of 4 and r?
1
Let r(h) = 3*h - 35. Let z be r(13). Let q be 25*z/4 + -1. What is the highest common fa